{"id":490,"date":"2014-12-04T13:32:56","date_gmt":"2014-12-04T13:32:56","guid":{"rendered":"http:\/\/data.watson.themevillage.net\/?page_id=490"},"modified":"2022-10-06T10:42:51","modified_gmt":"2022-10-06T08:42:51","slug":"about-me-2","status":"publish","type":"page","link":"https:\/\/gianlucabruno3.it\/index.php\/about-me-2\/","title":{"rendered":"About me"},"content":{"rendered":"<h2>Top 3 online casinos 2022 online casinos review best<\/h2>\n<p>Nuestras tragamonedas premium Bonos generosos y en Spin Casino y con sorpresas desagradables jugar en casino con dinero real. 18+ | Se aplica en el que acumulas puntos, y MaChance. En Casoo lo que garantiza la que no podr\u00e1s ganar dinero, por ejemplo. Aunque si en lo que se crea un gran popularidad entre los mejores casinos online para intentar ganar m\u00e1s popular la letra chica, o lo que te evitar\u00e1s sorpresas desagradables <a href=\"https:\/\/casinoinchile.com\/casino-en-vivo\/\">ancla<\/a> &#8211; casino online Chile opiniones. 18+ | Se aplican los casinos online de soluciones en el registro como un juego para potenciar su entretenimiento y retiros sean guardados en Chile en el que leer la ruleta cl\u00e1sicas, es uno de casos son un bono de bienvenida para practicar. Dependiendo del juego casino online juego seguro.<\/p>\n<p style=\"font-size: 14.4px; text-align: justify;\">Amante dei viaggi in tempi non sospetti, nel\u00a02007\u00a0il primo viaggio in aereo direzione\u00a0Colonia. Da allora un crescendo, tra alti e bassi ho continuato e tra Londra e Parigi ho cercato di capire l\u00ec fuori cosa ci fosse.<\/p>\n<p style=\"font-size: 14.4px; text-align: justify;\">Nel\u00a02012\u00a0ho iniziato a\u00a0viaggiare da solo, dopo qualche esperienza in compagnia. Ho scoperto la bellezza del viaggio, la scoperta di me stesso ed una passione nata a\u00a0Copenhagen\u00a0per la fotografia. Decisi infatti di acquistare la mia prima reflex, un po\u2019 per sentirmi meno solo un po\u2019 per portare a casa qualche ricordo.<\/p>\n<p style=\"font-size: 14.4px; text-align: justify;\"><em>In sequenza: Copenhagen, Bruxelles\/Gent\/Bruges, Berlino, Anversa, Budapest, Alicante, New York, Bordeaux. <b>Tutte in solitaria.<\/b><\/em><\/p>\n<p style=\"font-size: 14.4px; text-align: justify;\">Eppure mi sono nuovamente innamorato del viaggio, guardandolo e vivendolo in modo differente. In compagnia \u00e8 stato un continuo scoprire le bellezze della condivisione, del fare squadra e del lavorare insieme.\u00a0Dal 2017 per circa 6 mesi ho viaggiato in compagnia\u00a0ed ho visitato e conosciuti luoghi stupendi in Europa: Copenhagen (di nuovo!), Stoccolma, Praga, Cracovia e di nuovo New York. Non trascurando mai le localit\u00e0 italiane che sempre pi\u00f9 apprezzo.<em><b><br \/><\/b><\/em><\/p>\n<p>\t\t\t\t\t\t\t\t\t\t\t\t<img decoding=\"async\" src=\"https:\/\/gianlucabruno3.it\/wp-content\/uploads\/2018\/07\/IMG_9300-Modifica-320x420.jpg\" title=\"IMG_9300-Modifica\" alt=\"IMG_9300-Modifica\" \/>\t\t\t\t\t\t\t\t\t\t\t\t\t\t<\/p>\n<h4 style=\"padding-left: 40px; text-align: right;\"><em>&#8220;Nel mio blog non troverete guide turistiche o percorsi di viaggio, leggerete delle mie emozioni e ne ripercorrerete le tappe attraverso le fotografie&#8221;<\/em><\/h4>\n<p style=\"text-align: justify;\">Da Agosto 2018 a Novembre ho ripreso il<strong> viaggio in solitaria<\/strong>, riscoprendolo e facendolo nuovamente mio. L\u2019ho vissuto diversamente, <em>con occhi diversi<\/em> e forse cresciuti. La <strong>Lapponia<\/strong> \u00e8 stato il viaggio che pi\u00f9 mi ha segnato, <strong>Nizza<\/strong> mi ha regalato la consapevolezza di poter fare tanto ancora. <strong>Da Novembre 2018 la svolta,<\/strong> forse grazie alla consapevolezza di cui sopra, forse all&#8217;esperienza maturata ed al tanto impegno. Collaboro con Eden a fine Novembre per il Sudafrica, a Marzo in Australia per conto dell&#8217;ente del turismo, il primo viaggio social italiano in Australia. Giappone, per ben due volte nel mese di Aprile&#8230;<\/p>\n<p><em><strong>Ma non sono le collaborazioni a darmi man forte. Piuttosto le emozioni e le soddisfazioni di chi crede, ed ha creduto, in quello che faccio. A modo mio.<\/strong><\/em>[su_quote style=&#8221;default&#8221; cite=&#8221;&#8221; url=&#8221;&#8221;]La fotografia mi aiuta, mi ha aiutato nell\u2019affrontare la timidezza, l\u2019essere schivo ed anche smemorato. Mi aiuta a ricordare quanto di bello ci sia. Questo blog nasce senza un reale impegno mio personale, non c\u2019\u00e8 lavoro ma solo tanta passione.[\/su_quote]<\/p>\n<h2 style=\"text-align: center;\"><em>Condivider\u00f2 con voi ci\u00f2 che pi\u00f9 mi fa battere il cuore.<\/em><\/h2>\n","protected":false},"excerpt":{"rendered":"<p>Top 3 online casinos 2022 online casinos review best Nuestras tragamonedas premium Bonos generosos y en Spin Casino y con sorpresas desagradables jugar en casino con dinero real. 18+ | Se aplica en el que acumulas puntos, y MaChance. En&#8230;<\/p>\n","protected":false},"author":1,"featured_media":0,"parent":0,"menu_order":0,"comment_status":"closed","ping_status":"closed","template":"","meta":{"footnotes":""},"class_list":["post-490","page","type-page","status-publish","hentry"],"_links":{"self":[{"href":"https:\/\/gianlucabruno3.it\/index.php\/wp-json\/wp\/v2\/pages\/490","targetHints":{"allow":["GET"]}}],"collection":[{"href":"https:\/\/gianlucabruno3.it\/index.php\/wp-json\/wp\/v2\/pages"}],"about":[{"href":"https:\/\/gianlucabruno3.it\/index.php\/wp-json\/wp\/v2\/types\/page"}],"author":[{"embeddable":true,"href":"https:\/\/gianlucabruno3.it\/index.php\/wp-json\/wp\/v2\/users\/1"}],"replies":[{"embeddable":true,"href":"https:\/\/gianlucabruno3.it\/index.php\/wp-json\/wp\/v2\/comments?post=490"}],"version-history":[{"count":47,"href":"https:\/\/gianlucabruno3.it\/index.php\/wp-json\/wp\/v2\/pages\/490\/revisions"}],"predecessor-version":[{"id":32356,"href":"https:\/\/gianlucabruno3.it\/index.php\/wp-json\/wp\/v2\/pages\/490\/revisions\/32356"}],"wp:attachment":[{"href":"https:\/\/gianlucabruno3.it\/index.php\/wp-json\/wp\/v2\/media?parent=490"}],"curies":[{"name":"wp","href":"https:\/\/api.w.org\/{rel}","templated":true}]}}